 d(b) = -b + 1. Let t(h) = -a(h) - 2*d(h). Give t(2).
0
Let h(r) = 6*r**3 + 7*r**2 + r. Let y(o) = -7*o**3 - 7*o**2 - o + 1. Let g(t) = 6*h(t) + 5*y(t). Give g(-7).
-2
Let o(n) = -8 + n**3 + 4*n**2 - 2*n**2 + 5*n**2 + 6*n. Give o(-6).
-8
Let s(n) be the third derivative of -n**2 + 1/60*n**5 + 0*n + 0*n**3 + 0 + 7/24*n**4. Calculate s(-7).
0
Let s(g) = -g. Let j = -11 - -29. Let a = 12 - j. Calculate s(a).
6
Let j = -19 + 14. Let r(c) = -2*c**2 - 7*c - 5. Let q(u) = -u**2 - 3*u - 3. Let f(h) = -7*q(h) + 4*r(h). What is f(j)?
11
Let r(x) = 3*x**3 - x. Let o be 4/(-12) - (-38)/6. Let v = o + -7. Determine r(v).
-2
Let a be 0 + 1 + 2/2. Let m(b) = 0*b**a - 4*b - 1 + b**2 - 4. Suppose 4*r = 3*o + 7, -4*o = 3*r - o - 21. Give m(r).
-5
Let c(x) = x**2 - 6*x + 3. Let u = 7 - 2. Suppose 3*k = a + 10, 0 = u*k + 2*a + a - 12. Determine c(k).
-6
Let u(l) = -l**3 - 6*l**2 - 10*l - 5. Let p(a) = a**3 + 6*a**2 + 9*a + 4. Let b be (-1 - -3)/((-12)/(-30)). Let t(v) = b*u(v) + 6*p(v). Give t(-5).
4
Let a(l) = -66*l**2 + 2 + 68*l**2 + 0*l**3 + 3*l**3. What is a(-2)?
-14
Suppose -2*j + 2*k = 0, -3*k + 8 = -4*j + 4. Let f(p) = -4*p - 4. Give f(j).
12
Let y(g) be the first derivative of -3*g - g**3 + 1 + 3/2*g**2. Let f(q) = q**2 - q - 4. Let k be f(3). Calculate y(k).
-9
Let a = -10 + 15. Suppose -a*x = 23 - 3. Let r(c) = c**2 + 0 - 2 + 4*c + 8 + 2*c. Calculate r(x).
-2
Suppose 0 = -3*x - n + 15, -2*x - 9 = -5*x - 3*n. Let j(d) = -d**3 + 6*d**2 - 2*d - 1. What is j(x)?
-13
Suppose 0 = -4*b - j + 24, 5*b - 5 = 3*j + 2*j. Let p(u) = -4*u**2 + 4*u + 6. Let k(x) = x**2. Let z(t) = 3*k(t) + p(t). Determine z(b).
1
Let f(z) = 5*z**2 + 7*z + 1. Let l(c) = -6*c**2 - 8*c - 2. Let s(r) = -5*f(r) - 4*l(r). What is s(-3)?
3
Let n(s) = 3*s**2 - s. Suppose -3 = -5*f - 8. What is n(f)?
4
Let z(q) = q**2 + 4*q + 1. Let w be -1 + (-21)/15 + 6/(-10). Determine z(w).
-2
Let o(i) be the second derivative of -i**3/6 - 33*i. Give o(0).
0
Suppose 8 - 4 = q. Let s(o) = 7*o + 0 - q + 2 - 8*o. Determine s(0).
-2
Let i = 13 + 6. Suppose -3 = -4*o - i. Let x(s) = -s + 1. What is x(o)?
5
Let t(w) = -w**2 - 3*w. Let j be t(-2). Suppose -3*i = -5 + j. Let o(c) = 3 + 0 - 4 + 3*c. Calculate o(i).
2
Let z(q) = q**2 + 7*q + 1. Let f be (-4)/(16/12) + 21. Suppose -i = i - 2*u + 18, i - 4*u + f = 0. Calculate z(i).
-5
Let j = 10 - 7. Let t(x) = 0*x**3 + 0*x**3 - x**3 - x**2 - 3*x**2 + j. Determine t(-4).
3
Let m(s) = 7*s**3 + s - 3*s - 6*s**3 + 6*s**2 - 6 - s**2. Calculate m(-5).
4
Let p(d) = -8*d - 3. Let c(o) = -o. Let n(w) = 6*c(w) - p(w). Let y be (-75)/(-27) - 4/(-18). Suppose 5*k = y*k - 8. Calculate n(k).
-5
Let i be 5*(6/2 - 2). Let v(z) be the second derivative of 5/2*z**2 - 3*z + 5/6*z**3 - 1/12*z**4 + 0. Calculate v(i).
5
Let x(o) = -o**3 - 4*o**2 + o + 5. Let c be x(-4). Let w(m) = -12*m. What is w(c)?
-12
Let r(o) = 5*o - 4. Suppose -2*t = -3*t + 3. What is r(t)?
11
Let b be (2/4)/(7/(-28)). Let z(a) = -7*a. Give z(b).
14
Let v = -6 + 14. Let n(f) = f**2 + v*f + f**2 - f**2 - 7. Let b(w) = 3*w**2 + 17*w - 15. Let k(h) = 2*b(h) - 5*n(h). What is k(4)?
-3
Let n be ((-4)/(-6))/((-1)/(-9)). Let d(o) = o - 17. Let k(h) = -2*h + 35. Let p(m) = -13*d(m) - 6*k(m). Calculate p(n).
5
Let o be -10*2/(-4) + 1. Let s = o - 1. Let w(c) = -6 - 8*c - 18*c**3 + 4*c**2 + 17*c**3 + 13*c. What is w(s)?
-6
Let z(m) = -2. Let k(a) = -a - 1. Let p(b) = -2*k(b) + z(b). What is p(6)?
12
Let u(c) be the third derivative of c**3 + 0 - 5*c**2 + 0*c - 1/24*c**4. Calculate u(0).
6
Let t(d) = d - 4. Let q(u) = -3*u + 11. Let a(m) = 6*q(m) + 17*t(m). Let h(i) = 1. Let j(p) = -2*a(p) - 3*h(p). Determine j(-1).
-1
Let j be -3 + 14/(-5)*(-5)/2. Let g(y) be the first derivative of 2*y**3 - 1/4*y**j + 0*y + 0*y**2 + 3. What is g(6)?
0
Let u(v) = 7 + v - 5 + 6 - 17. What is u(7)?
-2
Suppose 10 + 8 = 2*v. Let p be (v/(-3))/(6/8). Let t = 2 + p. Let g(y) = -4*y - 2. Calculate g(t).
6
Let w(d) = 11*d - 12. Let o(c) = 5*c - 6. Let i(a) = -13*o(a) + 6*w(a). Give i(-12).
-6
Suppose -5*l + 3*v = 20, -2*l + 6*l + 4*v + 16 = 0. Let s(n) = -n**3 - n**2 - 6*n + 1. Let i(y) = y**3 + 6*y - 2. Let o(k) = -4*i(k) - 5*s(k). What is o(l)?
-5
Let h(d) = 7*d**2 + 2*d - 1. Let a be h(-2). Suppose a = 5*w + c, 0*c - 22 = -4*w + c. Let y(x) = -1 + 0*x + w*x**3 + 0*x - x. What is y(-1)?
-5
Let k(m) = -4 + 0 - 240*m + 238*m. What is k(-3)?
2
Suppose -18 = 4*z + 2*f, 5*z - f + 2*f = -15. Let i(s) = 4*s**2 + 2*s - 1. What is i(z)?
11
Let o(s) = s**3 - 4*s**2 - 6*s - 2. Let n(d) = 2 - 2 + 5*d**2. Let m = 10 - 11. Let x be n(m). What is o(x)?
-7
Let v(y) = 15*y. Suppose -33 = -5*h - 28. What is v(h)?
15
Let v(w) = 9*w. Let a(x) = 28*x. Let l(z) = 2*a(z) - 7*v(z). Let k be (2/6)/(4*(-7)/84). Give l(k).
7
Let c(x) = x**3 - 5*x**2 + 3*x + 5. Let j(q) = 14*q**2 - 21*q - 42. Let b(s) = -5*s**2 + 7*s + 14. Let m(g) = -17*b(g) - 6*j(g). Let i be m(-5). Calculate c(i).
1
Let w(p) = -3*p**2 + 7*p - 6. Let u(g) = 13*g**2 - 27*g + 24. Let d(q) = 2*u(q) + 9*w(q). Let n be d(8). Let s(z) = -n*z**2 - 13*z + z**3 + 13*z. What is s(2)?
0
Suppose -5 + 0 = -5*z. Suppose -z = 3*x - 7. Let v(i) = -4 - i + 5 + x. Calculate v(0).
3
Let s(f) be the second derivative of f**7/2520 + f**6/80 + 7*f**5/120 - 5*f**4/6 - 8*f. Let z(k) be the third derivative of s(k). Calculate z(-7).
-7
Let u(m) = -m - 12. Let t(c) = -c**2 + 8*c + 14. Let i be t(10). Give u(i).
-6
Let b(i) = -i**2 + 9*i - 19. Let u be b(7). Let g(z) = -2*z - z - 3 + 2*z. Determine g(u).
2
Let v(z) = 2*z**2 + z - 3. Let r(a) = a**2 + 2*a - 3. Let x(i) = 3*r(i) - 2*v(i). Suppose 52*h = 55*h - 12. Determine x(h).
-3
Let w(o) be the third derivative of -o**5/60 - o**4/24 - 2*o**2. Suppose 7*v = -3*i + 4*v - 6, 2*v = -8. Give w(i).
-6
Let b(n) = -10*n + 9*n + 27 - 23. Suppose 0 = 2*c + c. What is b(c)?
4
Let x(o) = -3*o**2 + 2*o - 1. Suppose 4*a - 3 = -11. What is x(a)?
-17
Let h(t) = -4*t - 2. Let a(u) = 17*u + 7. Let s(f) = 2*a(f) + 9*h(f). Suppose -2*l - b = 2*l - 21, 0 = -2*l + 5*b + 5. Let z = l + -2. Give s(z).
-10
Let u = 11 + -13. Let j(l) be the third derivative of l**4/8 - 2*l**2. Let g(c) = 4*c. Let p(m) = u*g(m) + 3*j(m). What is p(3)?
3
Let y(q) = -q**2 + 3*q - 4. Let c = -8 - -14. Let w = -2 + c. Let l = 7 - w. Calculate y(l).
-4
Let k(w) = 8*w + 2 - 9*w + 3*w - 2*w**2. Calculate k(3).
-10
Let k(s) = 3*s**2 + 3*s + 3. Let q(p) = -p - 1. Let n(f) = -k(f) - 3*q(f). Give n(1).
-3
Let y = 4 - 1. Suppose -y = k - 1. Let b(l) be the first derivative of l**3/3 + 3*l**2/2 + 3*l + 2. Determine b(k).
1
Let f(k) = 13*k**2. Suppose 0*p = 4*u - 4*p - 12, -2*p = 5*u - 1. Give f(u).
13
Let t(s) be the second derivative of 3*s**5/5 - s**4/6 - s**3/6 - 9*s. Suppose b = 2 - 3. Determine t(b).
-13
Let q(n) be the second derivative of -1/6*n**3 + 3*n + 1/2*n**2 + 0. Suppose 2*s - 2*l = 14, 5*l - 2 = -5*s + 3. What is q(s)?
-3
Let h(m) be the third derivative of m**6/120 - 3*m**5/20 + m**4/24 + m**3/2 + 15*m**2. Calculate h(9).
12
Let m(y) = -2*y. Let t(k) = k. Let s be t(5). Suppose -s*n - 1 = -4*n. What is m(n)?
2
Let d(x) = -x - 4. Let u(o) = o**2 - 9*o + 10. Let t be u(5). What is d(t)?
6
Suppose 4*y - 14 = -26. Let t(k) = -k**2 - 4*k - 1. What is t(y)?
2
Let h(t) = 5*t**2 + 21*t - 11. Let q(x) = -2*x**2 - 10*x + 5. Let v(p) = 3*h(p) + 7*q(p). What is v(6)?
-4
Let c(f) = 2*f + 0 - 3*f - 1 - 3*f. Calculate c(-2).
7
Suppose 0 = -169*l + 166*l - 12. Let j(b) = b**2 + 6*b + 5. Determine j(l).
-3
Let c = 14 + -5. Let q(n) = n - 3*n - 2*n + n**2 + c*n + 1. What is q(-5)?
1
Let f(w) be the second derivative of -w**4/12 - 5*w**3/3 + 3*w**2/2 + 12*w. Determine f(-10).
3
Let w(o) = -o**2 - 2*o + 3. Let t be w(2). Suppose 3*m + 18 + 1 = 2*u, -4*u + 5*m + 35 = 0. Let c(f) = -4 + 3 + f**2 + u*f - 1. What is c(t)?
-2
Suppose 2 + 3 = 5*v. Let a(b) = 6*b. Let i(o) = -60*o. Let f(d) = 21*a(d) + 2*i(d). Determine f(v).
6
Let z(s) = -10*s**2 + s + 0*s**2 + s - 3*s. Suppose -h - 10 = -11. Determine z(h).
-11
Let w(s) = -4*s - 3 - 2 - s**2 + 3*s - 6. Determine w(0).
-11
Let l(b) = -b**2 + b + 2. Let t(j) = j + 0*j + 2*j**2 - 2*j - 4. Let s(y) = -5*l(y) - 3*t(y). Let i be ((-8)/(-12))/(2/(-12)). Calculate s(i).
-6
Suppose -5*x = -0*x + 15. Let d(l) = -l**2 + 2*l - 2. Determine d(x).
-17
Let m(u) = 10*u**2 - 3*u + 4. Let t(b) = b**2 - b + 1